-5*k - 39. Let j be i(-15). Let g = 28 + -47. Let n = g + 31. Calculate the greatest common divisor of j and n.
12
Suppose -5*j - 15 = -0*j. Let l be j*(-10)/2*1. Calculate the greatest common divisor of l and 9.
3
Let a(n) = -n**3 - 4*n**2 - 7*n + 2. Let s be a(-3). Let u be (12/s)/(276/(-56) - -5). Calculate the highest common divisor of 8 and u.
4
Let g = 2728 - 1753. What is the highest common factor of g and 13?
13
Suppose -27 + 30 = r. Calculate the highest common factor of r and 177.
3
Let x(r) = 8*r**2 - 7*r - 12. Let g be x(-3). Calculate the highest common factor of 54 and g.
27
Let v(d) = 5*d**2 + 93*d - 28. Let l be v(-19). Suppose 3*k + k - 160 = -2*q, -2*k = -2*q - 80. Calculate the greatest common divisor of k and l.
10
Suppose 83*j - 1989 = 66*j. Calculate the highest common divisor of 104 and j.
13
Let c = -15 + 22. Suppose -c*f + 176 = -5*f. Let a(r) = 3*r**2 + r + 1. Let m be a(-2). Calculate the highest common factor of m and f.
11
Let k = -50 - -55. Suppose 35 = 3*l + k. Let x = 10 + -5. Calculate the greatest common factor of x and l.
5
Let q = 125 + -73. What is the greatest common factor of q and 572?
52
Let b(g) = 6*g**2 + 12*g + 12. Let l be b(7). What is the highest common factor of 30 and l?
30
Suppose -q + 4*q + 2*b - 38 = 0, 0 = -4*q - b + 44. Let l be 4/22 - (1176/22)/(-14). Calculate the highest common divisor of q and l.
2
Let k(p) = -2*p + p - 1 + 3*p**2 - p + 0*p**2. Let z be k(2). Suppose 0 = z*a - 5*a - 2. Calculate the greatest common divisor of a and 10.
1
Let c(g) = g**3 + 11*g**2 - 16*g - 8. Let q be c(-11). Suppose -42 = 124*v - 126*v. Calculate the greatest common factor of q and v.
21
Let c = -77 + 183. Let i = c - 72. What is the greatest common divisor of 306 and i?
34
Let h = -35 + 43. Let w be (40/(-15))/h - 13/(-3). Suppose 2*d + 0*d = 24. What is the highest common factor of w and d?
4
Let f be 3*(1 + 0) - (26 - 27). Suppose -i + 195 = 4*v, i + 78 = f*v - 111. Calculate the highest common factor of v and 6.
6
Let y be (-2)/5 + (-76)/10. Let r(j) = -j**2 - 7*j - 9. Let v be r(y). Let p = 27 + v. What is the greatest common factor of 20 and p?
10
Suppose 3*h = 5*y - 154, -10*h + 5*h = y - 14. What is the highest common factor of 319 and y?
29
Suppose 4*b = u - 361, -1167 - 345 = -4*u - b. What is the highest common divisor of u and 58?
29
Suppose u + 8 = -3*u. Let i be (u/(-4))/(1/2). Suppose -i = -s + 6. Calculate the highest common factor of s and 63.
7
Suppose 4*w - w = 60. Suppose 2*p = -58 - w. Let v = p + 60. What is the highest common divisor of v and 3?
3
Let k(l) be the first derivative of 2*l**3/3 + 5*l**2 - 4*l - 14. Let o be k(-8). Calculate the greatest common factor of 4 and o.
4
Let v = -206 + 530. Calculate the greatest common divisor of 36 and v.
36
Suppose 148 - 52 = s. Calculate the highest common factor of 32 and s.
32
Suppose 0 = 2*q - 0*q + 4. Let b be 3*q/4*-10. Calculate the highest common factor of b and 30.
15
Suppose -62*l = -64*l + 68. What is the highest common factor of l and 136?
34
Suppose -4*s = -3*s + 9. Let z = -7 - s. Suppose 5*y - 30 = -u, z*y + 2*y = 3*u - 52. Calculate the highest common factor of u and 4.
4
Let p(q) = 3*q**2 - 6*q + 55. Let w be p(-13). What is the highest common divisor of 30 and w?
10
Let k = -444 + 563. Calculate the highest common divisor of 51 and k.
17
Let l = 511 - -308. What is the highest common divisor of l and 63?
63
Suppose 55*b = 54*b + 446. Calculate the greatest common divisor of 4 and b.
2
Let h be ((-104)/(-22))/(50/275). Let o be 2/8 - (-1)/(-4). Suppose -n + 3*n - 260 = o. What is the highest common divisor of h and n?
26
Let i = 24 - 24. Let v = 2 - i. Suppose -v - 2 = -y. What is the highest common divisor of y and 2?
2
Suppose -4*x = -d - 33, 4*d - x = -5*x - 52. Let k = d - -19. Let r be (4 - -1)/(k/6). Calculate the highest common divisor of 6 and r.
3
Let o be (3/(-6))/(2/24). Let r(y) = -y - 3. Let n be r(o). Suppose -5*w - 4*h + 167 = -953, -5*h - 672 = -n*w. What is the greatest common divisor of 28 and w?
28
Suppose -4*d - 4873 = -18313. What is the highest common factor of d and 60?
60
Let i be 1/(-2) - 37/(-2). Let g = i - -6. Suppose 4*m - 12 = g. What is the greatest common divisor of m and 3?
3
Suppose r - 9 = -4*x - 0*r, 2*x + r - 5 = 0. Let t = -9 + 8. Let l be ((-10)/(-4))/(t/(-2)). What is the greatest common divisor of l and x?
1
Let m = 0 + 19. Let v(s) = s - 5. Let a be v(0). Let t be (-4)/(1 + a)*209. What is the highest common divisor of t and m?
19
Let b(m) = -m + 5. Let n be b(6). Let u be n*(0 + 13)*-1. Let j(y) = y**2 - 11*y + 13. Let k be j(0). Calculate the greatest common divisor of u and k.
13
Let k = 421 + -297. Calculate the greatest common divisor of 93 and k.
31
Let q be -3 + (3 - (-16 - 1)). Suppose -3*x + 32 = 5*i - q, -i + 5 = 0. Let j = x - -104. What is the greatest common divisor of 16 and j?
16
Let s be (1/(-2))/((-2)/8)*1. Let h be (s + -7 - -4)/(2/(-20)). Calculate the greatest common factor of 10 and h.
10
Let v = -211 + 255. Let w be ((-8)/(-10))/(1/5). Calculate the greatest common factor of w and v.
4
Suppose -117*v = -116*v - 195. Calculate the highest common factor of v and 13.
13
Let d = -1048 + 1113. Calculate the highest common factor of 117 and d.
13
Let m(p) = -p + 130. Let f be m(20). Calculate the greatest common divisor of 1265 and f.
55
Let a(b) = -2*b**2 - 2*b - 4. Let c be a(3). Let m = -18 - c. Calculate the highest common factor of 25 and m.
5
Suppose -k - 2 = -12. Let v(h) = -7*h + 4. Let u be v(-3). Calculate the highest common divisor of u and k.
5
Let o be 10320/1204*(2 - 100/(-6)). Calculate the greatest common divisor of o and 704.
32
Let t be 3 - -3*2/6. Let b be 6/(t/((-440)/(-15))). What is the greatest common factor of 110 and b?
22
Suppose -3*k + 5*k = 2*q - 74, -5*k = 4*q - 139. Suppose 5*v = 5*n + 920, -7*n - 188 = -v - 5*n. Calculate the highest common factor of q and v.
36
Let r = 5 + 0. Let j = 72 + -67. What is the greatest common factor of j and r?
5
Let a be 72 + (-2)/(-4)*0. Let t be -4 + 7 + -3*9. Let m = t + 42. What is the greatest common divisor of a and m?
18
Let c be ((-145)/87)/((-2)/144). Calculate the highest common factor of c and 1320.
120
Let y(b) = -116*b**3. Let l be y(-1). Suppose l = 4*p + 4*i, p - 2*i = 2*i + 49. What is the greatest common factor of p and 22?
11
Let q(a) = -382*a - 222. Let l be q(-1). Suppose -2*k = 3*w - 90, -3*w + w + 67 = -k. What is the highest common divisor of w and l?
32
Let k = -65 + -55. Let q be 34/((-8)/10 - -1). Let w = k + q. What is the highest common divisor of w and 25?
25
Let o = -253 + 254. What is the greatest common factor of o and 11?
1
Let j = -2 - -10. Suppose 5*t + 9 = 5*u - 6, -3*t = 5*u + 17. Let w = t + j. Calculate the highest common factor of w and 32.
4
Suppose 574 = -4*m + 3006. What is the greatest common divisor of m and 8?
8
Let j be (26/(-4))/((-12)/24). What is the greatest common factor of 416 and j?
13
Let v = 21 - 17. Let d be (v - 10)*2*-10. Suppose 6*i - 4*i - d = 0. Calculate the highest common factor of i and 15.
15
Let f(z) = 11*z + 11. Let h be f(9). Let w be (-9)/(-2 - 1) + 4. Suppose 5*p = -20, -2*a + 2*p = -w*a + 47. What is the highest common factor of a and h?
11
Let y(q) = 19*q**3 - 2*q**2. Let c be y(2). Let v = -60 + c. Suppose f - v = -3*f. Calculate the highest common divisor of 14 and f.
7
Let l(b) = -654*b - 214. Let k be l(-3). Calculate the highest common divisor of 92 and k.
92
Let i be 6 + 2*(2 - 3). Suppose -43 = -3*n + d + d, 4*n - 56 = 4*d. Suppose -5*o = n - 95. Calculate the greatest common divisor of i and o.
4
Let i(v) = -126 - 2*v + 99 - 3*v + 68. Let w be i(0). What is the greatest common factor of w and 41?
41
Suppose 0 = -110*s + 102*s + 1664. Calculate the greatest common divisor of 364 and s.
52
Suppose 0 = -2*t + 2 + 4. Suppose -6*d + 40 = -d - 5*w, 0 = t*w + 12. Calculate the highest common factor of 4 and d.
4
Let i be 16/136 + (-270)/(-17). What is the greatest common divisor of i and 108?
4
Let l be 1/(-4) - 131/4. Let b = -3088 + 3123. Let a = l + b. Calculate the greatest common factor of a and 8.
2
Let w = -1396 - -1452. Calculate the highest common factor of 154 and w.
14
Let r be 3*((-175)/(-30) - (-3)/2). Let c be (